{"id":774,"date":"2015-05-14T07:53:41","date_gmt":"2015-05-14T05:53:41","guid":{"rendered":"http:\/\/www.anarieldesign.com\/themedemos\/maisha\/?page_id=774"},"modified":"2024-10-11T12:22:26","modified_gmt":"2024-10-11T10:22:26","slug":"pate-werden","status":"publish","type":"page","link":"https:\/\/www.ghanas-kinder.de\/index.php\/mitmachen\/pate-werden\/","title":{"rendered":"Sch\u00fclerpat*in werden"},"content":{"rendered":"<p>\u00dcber Sch\u00fclerpatenschaften haben auch Kinder aus besonders bed\u00fcrftigen Familien die M\u00f6glichkeit, eine gute Grundbildung zu erhalten und so dauerhaft den Weg aus der Armut zu finden.<\/p>\n<p><!--more--><\/p>\n<p>Regelm\u00e4\u00dfig tritt Schulleiter Nicholas Wassan mit der Bitte um die \u00dcbernahme einer Patenschaft an uns heran. Die Gr\u00fcnde sind vielf\u00e4ltig: Eltern haben ihre Arbeit verloren oder sind schwer erkrankt, M\u00fctter m\u00fcssen ihre Kinder von einem auf den anderen Tag alleine versorgen oder Kinder sind ganz auf sich gestellt. Immer sind es Kinder mit einer hohen Lernmotivation. Es gibt stets Sch\u00fclerinnen und Sch\u00fcler &#8222;auf der Warteliste&#8220;. Wir sind daher dankbar f\u00fcr jede und jeden, die oder der eine Patenschaft \u00fcbernehmen m\u00f6chte und damit unser oberstes Vereinsziel unterst\u00fctzt: Bed\u00fcrftigen Kindern eine gute Schulbildung erm\u00f6glichen.<\/p>\n<p>Als kleiner Verein stehen wir in engem Kontakt mit der Schule vor Ort. Schulleiter Nicholas berichtet regelm\u00e4\u00dfig \u00fcber den Lernfortschritt der Patenkinder, tauscht sich auch gerne direkt mit den Patinnen und Paten aus und vermittelt auf Wunsch den Kontakt zur Familie des Kindes. Einige Patinnen und Paten haben &#8222;ihre Kinder&#8220; schon in Kasoa besucht.<\/p>\n<p>Mit umgerechnet 30 Euro im Monat sind die Kosten f\u00fcr Schulgeb\u00fchren, Lernmaterialien, Schulkleidung und Essen gedeckt. Wie alle \u00fcbrigen Spenden sind auch die Patenschaftsbeitr\u00e4ge steuerlich absetzbar. Die Spendenbescheinigungen werden automatisch im 1.\u00a0Quartal des Folgejahres verschickt.<\/p>\n<p>Der Patenschaftsantrag, ein SEPA-Lastschriftmandat und die Informationen zum Datenschutz k\u00f6nnen hier heruntergeladen werden. Wir bitten darum, die ausgef\u00fcllten Formulare per E-Mail oder Post an uns zu senden.<\/p>\n<blockquote><p>Ghanas Kinder e.V.<br \/>\nc\/o Sylvia Winkel-Strey<br \/>\nD\u00fcsselstr. 11<br \/>\n40219 D\u00fcsseldorf<br \/>\ninfo@ghanaskinder.de<\/p><\/blockquote>\n<p style=\"text-align: center;\"><a class=\"cd-btn button\" href=\"https:\/\/www.ghanas-kinder.de\/wp2017\/wp-content\/uploads\/2024\/05\/Ghanas-Kinder_Patenschaftsantrag_2024.pdf\" target=\"_blank\" rel=\"noopener\">Patenschaftsantrag<\/a><\/p>\n","protected":false},"excerpt":{"rendered":"<p>\u00dcber Sch\u00fclerpatenschaften haben auch Kinder aus besonders bed\u00fcrftigen Familien die M\u00f6glichkeit, eine gute Grundbildung zu erhalten und so dauerhaft den Weg aus der Armut zu finden.<\/p>\n","protected":false},"author":2,"featured_media":2788,"parent":1341,"menu_order":1,"comment_status":"closed","ping_status":"closed","template":"page-templates\/full-width-page.php","meta":[],"aioseo_notices":[],"_links":{"self":[{"href":"https:\/\/www.ghanas-kinder.de\/index.php\/wp-json\/wp\/v2\/pages\/774"}],"collection":[{"href":"https:\/\/www.ghanas-kinder.de\/index.php\/wp-json\/wp\/v2\/pages"}],"about":[{"href":"https:\/\/www.ghanas-kinder.de\/index.php\/wp-json\/wp\/v2\/types\/page"}],"author":[{"embeddable":true,"href":"https:\/\/www.ghanas-kinder.de\/index.php\/wp-json\/wp\/v2\/users\/2"}],"replies":[{"embeddable":true,"href":"https:\/\/www.ghanas-kinder.de\/index.php\/wp-json\/wp\/v2\/comments?post=774"}],"version-history":[{"count":37,"href":"https:\/\/www.ghanas-kinder.de\/index.php\/wp-json\/wp\/v2\/pages\/774\/revisions"}],"predecessor-version":[{"id":3921,"href":"https:\/\/www.ghanas-kinder.de\/index.php\/wp-json\/wp\/v2\/pages\/774\/revisions\/3921"}],"up":[{"embeddable":true,"href":"https:\/\/www.ghanas-kinder.de\/index.php\/wp-json\/wp\/v2\/pages\/1341"}],"wp:featuredmedia":[{"embeddable":true,"href":"https:\/\/www.ghanas-kinder.de\/index.php\/wp-json\/wp\/v2\/media\/2788"}],"wp:attachment":[{"href":"https:\/\/www.ghanas-kinder.de\/index.php\/wp-json\/wp\/v2\/media?parent=774"}],"curies":[{"name":"wp","href":"https:\/\/api.w.org\/{rel}","templated":true}]}}