{"id":2260,"date":"2017-09-20T17:09:59","date_gmt":"2017-09-20T15:09:59","guid":{"rendered":"http:\/\/www.ghanas-kinder.de\/wp2017\/?page_id=2260"},"modified":"2018-05-04T14:19:21","modified_gmt":"2018-05-04T12:19:21","slug":"politik-und-wirtschaft","status":"publish","type":"page","link":"https:\/\/www.ghanas-kinder.de\/index.php\/politik-und-wirtschaft\/","title":{"rendered":"Politik und Wirtschaft"},"content":{"rendered":"<p>Ghana gilt als eine der wenigen funktionierenden Demokratien in Afrika. Politisch ist das Land stabil, auch die Wirtschaft ist relativ breit aufgestellt. Es hat jedoch wie jedes Entwicklungsland mit Schulden, wenig Kapital, fallenden Weltmarktpreisen und hoher Arbeitslosigkeit zu k\u00e4mpfen.\u00a02007 wurden vor der K\u00fcste \u00d6lfelder entdeckt. Ein Gesetz soll garantieren, dass einheimische Unternehmen ausreichend beteiligt werden. Doch einen gro\u00dfen Teil der Lizenzrechte haben sich ausl\u00e4ndische Firmen gesichert.<\/p>\n<p>Trotz fortschreitender Industrialisierung ist Ghana vor allem ein Agrarland. Fast 60% der Bev\u00f6lkerung arbeiten in Landwirtschaft und Fischerei. Zweite S\u00e4ule der Binnenwirtschaft ist das verarbeitende Gewerbe. Das Bruttoinlandprodukt\u00a0lag 2016 laut Internationalem W\u00e4hrungsfond auf Platz 86. Auf dem Index der menschlichen Entwicklung (HDI 2016), der das Pro-Kopf-Einkommen, die Lebenserwartung und die Ausbildung ber\u00fccksichtigt, steht Ghana auf dem 139. Platz von 187 L\u00e4ndern.\u00a0Traurige Ber\u00fchmtheit erlangte Ghana im Jahr 2011 mit dem UNICEF-Siegerfoto <em>Ghana: <a href=\"https:\/\/www.unicef.de\/informieren\/aktuelles\/blog\/2011\/foto-des-jahres\/40130\" target=\"_blank\" rel=\"noopener\">Unser M\u00fcll in Afrika<\/a><\/em>, aufgenommen in Agbogbloshie, einem Slum am Rande der Hauptstadt. Elektroschrott aus aller Welt landet hier auf einer der gr\u00f6\u00dften Elektroschrott-Deponien Afrikas.<\/p>\n<p>Eine der bedeutendsten Pers\u00f6nlichkeiten des Landes ist Kwame Nkrumah (\u2020 1972), erster Pr\u00e4sident des Landes. \u00a0Er hatte sich Ende der 40er Jahre an die Spitze der Widerstandsbewegung gesetzt, Streiks und Boykotte organisiert und ma\u00dfgeblich dazu beigetragen, dass sich Ghana am 6. M\u00e4rz 1957 als erstes schwarzafrikanisches Land aus der Kolonialherrschaft l\u00f6sen konnte.\u00a0Der ber\u00fchmteste Ghanaer ist wohl Kofi Annan. Er war von 1997 bis 2006 Generalsekret\u00e4r der Vereinten Nationen und wird in Ghana sehr verehrt.<\/p>\n","protected":false},"excerpt":{"rendered":"<p>Ghana gilt als eine der wenigen funktionierenden Demokratien in Afrika. Politisch ist das Land stabil, auch die Wirtschaft ist relativ breit aufgestellt. Es hat jedoch wie jedes Entwicklungsland mit Schulden, wenig Kapital, fallenden Weltmarktpreisen und hoher Arbeitslosigkeit zu k\u00e4mpfen.\u00a02007 wurden vor der K\u00fcste \u00d6lfelder entdeckt. Ein Gesetz soll garantieren, dass einheimische Unternehmen ausreichend beteiligt werden. &hellip; <a href=\"https:\/\/www.ghanas-kinder.de\/index.php\/politik-und-wirtschaft\/\" class=\"more-link\">Weiterlesen <span class=\"screen-reader-text\">Politik und Wirtschaft<\/span><\/a><\/p>\n","protected":false},"author":1,"featured_media":2820,"parent":0,"menu_order":0,"comment_status":"closed","ping_status":"closed","template":"page-templates\/full-width-page.php","meta":{"footnotes":""},"class_list":["post-2260","page","type-page","status-publish","has-post-thumbnail","hentry"],"aioseo_notices":[],"_links":{"self":[{"href":"https:\/\/www.ghanas-kinder.de\/index.php\/wp-json\/wp\/v2\/pages\/2260","targetHints":{"allow":["GET"]}}],"collection":[{"href":"https:\/\/www.ghanas-kinder.de\/index.php\/wp-json\/wp\/v2\/pages"}],"about":[{"href":"https:\/\/www.ghanas-kinder.de\/index.php\/wp-json\/wp\/v2\/types\/page"}],"author":[{"embeddable":true,"href":"https:\/\/www.ghanas-kinder.de\/index.php\/wp-json\/wp\/v2\/users\/1"}],"replies":[{"embeddable":true,"href":"https:\/\/www.ghanas-kinder.de\/index.php\/wp-json\/wp\/v2\/comments?post=2260"}],"version-history":[{"count":12,"href":"https:\/\/www.ghanas-kinder.de\/index.php\/wp-json\/wp\/v2\/pages\/2260\/revisions"}],"predecessor-version":[{"id":2572,"href":"https:\/\/www.ghanas-kinder.de\/index.php\/wp-json\/wp\/v2\/pages\/2260\/revisions\/2572"}],"wp:featuredmedia":[{"embeddable":true,"href":"https:\/\/www.ghanas-kinder.de\/index.php\/wp-json\/wp\/v2\/media\/2820"}],"wp:attachment":[{"href":"https:\/\/www.ghanas-kinder.de\/index.php\/wp-json\/wp\/v2\/media?parent=2260"}],"curies":[{"name":"wp","href":"https:\/\/api.w.org\/{rel}","templated":true}]}}