{"id":1660,"date":"2017-04-07T18:21:44","date_gmt":"2017-04-07T16:21:44","guid":{"rendered":"http:\/\/www.ghanas-kinder.de\/wp2017\/?page_id=1660"},"modified":"2025-02-13T13:07:53","modified_gmt":"2025-02-13T12:07:53","slug":"aufgaben-und-ziele","status":"publish","type":"page","link":"https:\/\/www.ghanas-kinder.de\/index.php\/der-verein\/aufgaben-und-ziele\/","title":{"rendered":"Wie wir helfen"},"content":{"rendered":"<p>In erster Linie \u00fcbernehmen wir im Rahmen von Patenschaften die Schulgeb\u00fchren f\u00fcr bed\u00fcrftige Kinder der Royal Beam Academy. Aus unterschiedlichen Gr\u00fcnden k\u00f6nnen manche Familien die Geb\u00fchren von umgerechnet rund 30 EUR pro Monat nicht bezahlen. Schulleiter Nicholas Wassan nimmt die Kinder oft trotzdem erst einmal auf und hofft auf eine Schulpatenschaft. Wenn m\u00f6glich, werden diese Kinder zun\u00e4chst \u00fcber Mitgliedsbeitr\u00e4ge unterst\u00fctzt. Sonderspenden flie\u00dfen dagegen \u00fcberwiegend in die Einrichtung, Instandhaltung und Erweiterung der Schule.<\/p>\n<p style=\"text-align: center;\"><a class=\"cd-btn button\" href=\"https:\/\/www.ghanas-kinder.de\/index.php\/mitmachen\/mitglied-werden\/\">MITMACHEN<\/a><\/p>\n","protected":false},"excerpt":{"rendered":"<p>In erster Linie \u00fcbernehmen wir im Rahmen von Patenschaften die Schulgeb\u00fchren f\u00fcr bed\u00fcrftige Kinder der Royal Beam Academy. Aus unterschiedlichen Gr\u00fcnden k\u00f6nnen manche Familien die Geb\u00fchren von umgerechnet rund 30 EUR pro Monat nicht bezahlen. Schulleiter Nicholas Wassan nimmt die Kinder oft trotzdem erst einmal auf und hofft auf eine Schulpatenschaft. Wenn m\u00f6glich, werden diese &hellip; <a href=\"https:\/\/www.ghanas-kinder.de\/index.php\/der-verein\/aufgaben-und-ziele\/\" class=\"more-link\">Weiterlesen <span class=\"screen-reader-text\">Wie wir helfen<\/span><\/a><\/p>\n","protected":false},"author":1,"featured_media":2778,"parent":861,"menu_order":0,"comment_status":"closed","ping_status":"closed","template":"page-templates\/full-width-page.php","meta":[],"aioseo_notices":[],"_links":{"self":[{"href":"https:\/\/www.ghanas-kinder.de\/index.php\/wp-json\/wp\/v2\/pages\/1660"}],"collection":[{"href":"https:\/\/www.ghanas-kinder.de\/index.php\/wp-json\/wp\/v2\/pages"}],"about":[{"href":"https:\/\/www.ghanas-kinder.de\/index.php\/wp-json\/wp\/v2\/types\/page"}],"author":[{"embeddable":true,"href":"https:\/\/www.ghanas-kinder.de\/index.php\/wp-json\/wp\/v2\/users\/1"}],"replies":[{"embeddable":true,"href":"https:\/\/www.ghanas-kinder.de\/index.php\/wp-json\/wp\/v2\/comments?post=1660"}],"version-history":[{"count":24,"href":"https:\/\/www.ghanas-kinder.de\/index.php\/wp-json\/wp\/v2\/pages\/1660\/revisions"}],"predecessor-version":[{"id":3965,"href":"https:\/\/www.ghanas-kinder.de\/index.php\/wp-json\/wp\/v2\/pages\/1660\/revisions\/3965"}],"up":[{"embeddable":true,"href":"https:\/\/www.ghanas-kinder.de\/index.php\/wp-json\/wp\/v2\/pages\/861"}],"wp:featuredmedia":[{"embeddable":true,"href":"https:\/\/www.ghanas-kinder.de\/index.php\/wp-json\/wp\/v2\/media\/2778"}],"wp:attachment":[{"href":"https:\/\/www.ghanas-kinder.de\/index.php\/wp-json\/wp\/v2\/media?parent=1660"}],"curies":[{"name":"wp","href":"https:\/\/api.w.org\/{rel}","templated":true}]}}