{"id":1539,"date":"2017-04-06T19:21:32","date_gmt":"2017-04-06T17:21:32","guid":{"rendered":"http:\/\/www.ghanas-kinder.de\/wp2017\/?page_id=1539"},"modified":"2025-02-13T13:09:45","modified_gmt":"2025-02-13T12:09:45","slug":"projekte","status":"publish","type":"page","link":"https:\/\/www.ghanas-kinder.de\/index.php\/schule\/projekte\/","title":{"rendered":"Projekte"},"content":{"rendered":"<p>Schritt f\u00fcr Schritt wird die Royal Beam Academy mit dem ausgestattet, was f\u00fcr eine Schule selbstverst\u00e4ndlich sein sollte. Gro\u00dfz\u00fcgige Einzelspenden machen es m\u00f6glich.<\/p>\n","protected":false},"excerpt":{"rendered":"<p>Schritt f\u00fcr Schritt wird die Royal Beam Academy mit dem ausgestattet, was f\u00fcr eine Schule selbstverst\u00e4ndlich sein sollte. Gro\u00dfz\u00fcgige Einzelspenden machen es m\u00f6glich.<\/p>\n","protected":false},"author":1,"featured_media":2089,"parent":1246,"menu_order":4,"comment_status":"closed","ping_status":"closed","template":"page-templates\/causes-page.php","meta":{"footnotes":""},"class_list":["post-1539","page","type-page","status-publish","has-post-thumbnail","hentry"],"aioseo_notices":[],"_links":{"self":[{"href":"https:\/\/www.ghanas-kinder.de\/index.php\/wp-json\/wp\/v2\/pages\/1539","targetHints":{"allow":["GET"]}}],"collection":[{"href":"https:\/\/www.ghanas-kinder.de\/index.php\/wp-json\/wp\/v2\/pages"}],"about":[{"href":"https:\/\/www.ghanas-kinder.de\/index.php\/wp-json\/wp\/v2\/types\/page"}],"author":[{"embeddable":true,"href":"https:\/\/www.ghanas-kinder.de\/index.php\/wp-json\/wp\/v2\/users\/1"}],"replies":[{"embeddable":true,"href":"https:\/\/www.ghanas-kinder.de\/index.php\/wp-json\/wp\/v2\/comments?post=1539"}],"version-history":[{"count":24,"href":"https:\/\/www.ghanas-kinder.de\/index.php\/wp-json\/wp\/v2\/pages\/1539\/revisions"}],"predecessor-version":[{"id":3971,"href":"https:\/\/www.ghanas-kinder.de\/index.php\/wp-json\/wp\/v2\/pages\/1539\/revisions\/3971"}],"up":[{"embeddable":true,"href":"https:\/\/www.ghanas-kinder.de\/index.php\/wp-json\/wp\/v2\/pages\/1246"}],"wp:featuredmedia":[{"embeddable":true,"href":"https:\/\/www.ghanas-kinder.de\/index.php\/wp-json\/wp\/v2\/media\/2089"}],"wp:attachment":[{"href":"https:\/\/www.ghanas-kinder.de\/index.php\/wp-json\/wp\/v2\/media?parent=1539"}],"curies":[{"name":"wp","href":"https:\/\/api.w.org\/{rel}","templated":true}]}}